tor of 1568 and 10647?
7
Calculate the greatest common factor of 723 and 324627.
723
What is the highest common divisor of 3596 and 10354?
62
Calculate the highest common factor of 1120500 and 18.
18
Calculate the highest common divisor of 128 and 459072.
64
Calculate the highest common factor of 40 and 202835.
5
Calculate the greatest common divisor of 412 and 4936172.
412
Calculate the highest common factor of 2325 and 1189625.
775
Calculate the highest common divisor of 3679 and 208.
13
What is the greatest common factor of 99 and 1616967?
99
Calculate the highest common factor of 86747 and 223.
223
What is the greatest common divisor of 42294 and 3074?
106
Calculate the highest common factor of 35 and 135050.
5
Calculate the greatest common factor of 15275 and 25675.
325
Calculate the highest common divisor of 2 and 467.
1
What is the highest common divisor of 1690 and 70330?
130
Calculate the greatest common factor of 1760 and 389840.
880
What is the highest common divisor of 6138 and 18?
18
What is the greatest common divisor of 450 and 288?
18
Calculate the greatest common divisor of 7492 and 36.
4
What is the greatest common divisor of 87020 and 3268?
76
What is the greatest common factor of 55898 and 4978?
38
Calculate the greatest common divisor of 88 and 122364.
44
What is the greatest common factor of 16302 and 5343?
39
What is the highest common factor of 15190 and 2842?
98
What is the greatest common divisor of 594513 and 27240?
681
Calculate the highest common factor of 19239 and 212.
53
Calculate the greatest common divisor of 11210 and 103250.
590
Calculate the highest common factor of 370320 and 240.
240
What is the highest common divisor of 31898 and 5057?
389
Calculate the greatest common factor of 148 and 4477.
37
What is the greatest common factor of 21417 and 11859?
177
Calculate the highest common divisor of 7120800 and 15.
15
Calculate the greatest common factor of 6700 and 268.
268
What is the highest common divisor of 131205 and 75?
15
Calculate the highest common divisor of 964950 and 50.
50
Calculate the highest common divisor of 99 and 27504.
9
Calculate the highest common factor of 1254 and 9229.
11
Calculate the greatest common divisor of 1924 and 2106.
26
What is the greatest common divisor of 4661 and 711?
79
Calculate the greatest common divisor of 44 and 212861.
11
What is the highest common divisor of 6205048 and 1184?
296
What is the highest common factor of 472 and 18644?
236
Calculate the highest common factor of 132 and 576948.
12
Calculate the greatest common divisor of 2378421 and 144.
9
Calculate the highest common factor of 350 and 209580.
70
What is the highest common divisor of 187 and 381?
1
What is the highest common divisor of 2010291 and 3?
3
Calculate the highest common divisor of 4015608 and 96.
24
Calculate the greatest common divisor of 146312 and 16.
8
Calculate the greatest common factor of 594 and 360054.
18
What is the highest common divisor of 26958 and 282?
6
Calculate the greatest common divisor of 176 and 32208.
176
Calculate the greatest common divisor of 90465 and 555.
555
What is the highest common divisor of 187850 and 400?
50
What is the greatest common factor of 13 and 6877?
13
What is the greatest common divisor of 51540 and 36?
12
What is the greatest common factor of 2646 and 174?
6
Calculate the highest common divisor of 166288 and 3829.
547
Calculate the greatest common factor of 380 and 737960.
380
Calculate the highest common factor of 70 and 1879885.
35
Calculate the greatest common factor of 286 and 56122.
22
What is the greatest common factor of 378 and 1674?
54
What is the greatest common factor of 15 and 16512?
3
What is the greatest common factor of 7392 and 22680?
168
Calculate the greatest common divisor of 44730 and 13860.
630
What is the highest common factor of 17 and 348772?
17
What is the greatest common factor of 1458 and 20061?
27
Calculate the greatest common divisor of 225 and 352503.
9
What is the greatest common divisor of 36 and 584352?
36
What is the highest common factor of 1428 and 628524?
204
Calculate the highest common factor of 111499 and 43.
43
Calculate the highest common divisor of 123280 and 782.
46
What is the highest common factor of 10 and 170990?
10
Calculate the highest common divisor of 1914 and 15254.
58
Calculate the highest common factor of 65 and 27352.
13
What is the greatest common divisor of 858688 and 8?
8
What is the highest common divisor of 98735 and 1225?
245
Calculate the greatest common divisor of 66745 and 119.
7
What is the highest common factor of 798 and 2121?
21
What is the highest common factor of 40 and 50240?
40
What is the highest common factor of 152 and 27640?
8
Calculate the greatest common divisor of 400 and 37300.
100
Calculate the greatest common factor of 340 and 221050.
10
What is the highest common factor of 18178 and 2682?
298
What is the greatest common factor of 933184 and 14?
14
What is the highest common factor of 112 and 4612?
4
What is the highest common factor of 500 and 2435250?
250
What is the greatest common factor of 390 and 930?
30
What is the highest common factor of 154 and 3322858?
154
What is the greatest common factor of 3940 and 20?
20
Calculate the highest common factor of 3052 and 10246.
218
Calculate the greatest common divisor of 462402 and 189.
27
Calculate the greatest common divisor of 68314 and 4.
2
What is the greatest common factor of 66439 and 316?
79
What is the greatest common factor of 207336 and 5379?
489
Calculate the highest common factor of 8160 and 105.
15
What is the greatest common divisor of 117 and 28587?
39
What is the highest common divisor of 60 and 10460?
20
Calculate the highest common divisor of 264 and 69784.
88
What is the greatest common factor of 556042 and 41?
41
What is the highest common factor of 652631 and 38?
19
What is the highest common factor of 29500 and 1890?
10
Calculate the highest common divisor of 353740 and 460.
460
Calculate the highest common factor of 29634 and 12.
6
Calculate the greatest common divisor of 660 and 44495.
55
Calculate the greatest common divisor of 2780 and 1180.
20
What is the highest common divisor of 23862 and 20467?
97
Calculate the highest common factor of 153 and 28530.
9
What is the highest common factor of 403029 and 354?
177
What is the greatest common divisor of 1128 and 248?
8
Calculate the greatest common factor of 20654 and 1817.
23
Calculate the highest common divisor of 10858446 and 516.
258
What is the highest common divisor of 5630 and 100?
10
Calculate the greatest common factor of 110 and 200290.
10
What is the greatest common factor of 1387395 and 43?
43
Calculate the greatest common divisor of 105808 and 24.
8
What is the highest common factor of 1917 and 4899?
213
What is the highest common divisor of 2067 and 1490996?
689
What is the highest common factor of 2170130 and 5?
5
Calculate the highest common divisor of 899 and 11136.
29
Calculate the greatest common factor of 56 and 68257.
7
Calculate the highest common divisor of 2916 and 268164.
108
What is the highest common factor of 42 and 265314?
42
Calculate the greatest common divisor of 17116 and 682.
22
Calculate the highest common factor of 63 and 3125031.
21
What is the greatest common factor of 10780 and 4224?
44
Calculate the greatest common factor of 103279 and 33.
11
Calculate the greatest common factor of 22028 and 4.
4
Calculate the highest common factor of 504 and 168882.
42
What is the greatest common factor of 492749 and 978?
163
Calculate the greatest common divisor of 153 and 37683.
9
What is the greatest common divisor of 55 and 21923?
11
Calculate the highest common factor of 2450 and 400.
50
What is the greatest common factor of 36260 and 13468?
1036
What is the highest common divisor of 533520 and 520?
520
Calculate the highest common divisor of 783328 and 4004.
364
What is the greatest common divisor of 1840 and 53680?
80
Calculate the highest common factor of 46655 and 434.
217
Calculate the greatest common divisor of 95 and 350341.
19
What is the greatest common factor of 2567 and 238?
17
What is the greatest common divisor of 145665 and 195?
195
What is the greatest common divisor of 1283 and 41?
1
Calculate the